{"id":539,"date":"2019-11-15T22:49:36","date_gmt":"2019-11-15T22:49:36","guid":{"rendered":"http:\/\/ucrea.com.mx\/?page_id=539"},"modified":"2022-12-02T21:44:33","modified_gmt":"2022-12-02T21:44:33","slug":"gastos-y-comisiones-credito-refaccionario-con-garantia-prendaria","status":"publish","type":"page","link":"https:\/\/ucrea.com.mx\/?page_id=539","title":{"rendered":"Gastos y comisiones &#8211;  CREDITO REFACCIONARIO CON GARANTIA PRENDARIA"},"content":{"rendered":"<h2>CREDITO REFACCIONARIO CON GARANTIA PRENDARIA<\/h2>\n<h2>RECA: 1240-137-021352\/07-04926-1122<\/h2>\n<h3><strong>Gastos<\/strong><\/h3>\n<p><a href=\"http:\/\/ucrea.com.mx\/wp-content\/uploads\/2014\/10\/HONORARIOS-RUC.pdf\"><strong>Honorarios por ratificacion de firmas (Corredor P\u00fablico)<br \/><\/strong><\/a><\/p>\n<p><a href=\"http:\/\/ucrea.com.mx\/wp-content\/uploads\/2014\/10\/HONORARIOS-RUC.pdf\"><strong>Derechos de inscripcion en el RUG<\/strong><\/a><\/p>\n<p>\u00a0<\/p>\n\n\n<h3><strong>Comisiones<\/strong><\/h3>\n<p class=\"p1\"><strong>Comisi\u00f3n por contrataci\u00f3n o apertura de cr\u00e9dito<\/strong><\/p>\n<p>1% m\u00e1s IVA respecto del monto del cr\u00e9dito. Esta comisi\u00f3n se cobrar\u00e1 por \u00fanica vez al contratar el cr\u00e9dito, es decir, a la firma del contrato.<\/p>\n","protected":false},"excerpt":{"rendered":"<p>CREDITO REFACCIONARIO CON GARANTIA PRENDARIA RECA: 1240-137-021352\/07-04926-1122 Gastos Honorarios por ratificacion de firmas (Corredor P\u00fablico) Derechos de inscripcion en el RUG \u00a0<\/p>\n","protected":false},"author":3,"featured_media":0,"parent":0,"menu_order":0,"comment_status":"closed","ping_status":"closed","template":"","meta":{"footnotes":""},"class_list":["post-539","page","type-page","status-publish","hentry"],"aioseo_notices":[],"_links":{"self":[{"href":"https:\/\/ucrea.com.mx\/index.php?rest_route=\/wp\/v2\/pages\/539","targetHints":{"allow":["GET"]}}],"collection":[{"href":"https:\/\/ucrea.com.mx\/index.php?rest_route=\/wp\/v2\/pages"}],"about":[{"href":"https:\/\/ucrea.com.mx\/index.php?rest_route=\/wp\/v2\/types\/page"}],"author":[{"embeddable":true,"href":"https:\/\/ucrea.com.mx\/index.php?rest_route=\/wp\/v2\/users\/3"}],"replies":[{"embeddable":true,"href":"https:\/\/ucrea.com.mx\/index.php?rest_route=%2Fwp%2Fv2%2Fcomments&post=539"}],"version-history":[{"count":5,"href":"https:\/\/ucrea.com.mx\/index.php?rest_route=\/wp\/v2\/pages\/539\/revisions"}],"predecessor-version":[{"id":841,"href":"https:\/\/ucrea.com.mx\/index.php?rest_route=\/wp\/v2\/pages\/539\/revisions\/841"}],"wp:attachment":[{"href":"https:\/\/ucrea.com.mx\/index.php?rest_route=%2Fwp%2Fv2%2Fmedia&parent=539"}],"curies":[{"name":"wp","href":"https:\/\/api.w.org\/{rel}","templated":true}]}}