{"id":520,"date":"2019-11-15T22:13:24","date_gmt":"2019-11-15T22:13:24","guid":{"rendered":"http:\/\/ucrea.com.mx\/?page_id=520"},"modified":"2022-12-02T21:05:58","modified_gmt":"2022-12-02T21:05:58","slug":"gastos-y-comisiones-contrato-de-apertura-de-credito-simple-con-garantia-hipotecaria-y-prendaria-sin-la-transmision-de-la-posesion","status":"publish","type":"page","link":"https:\/\/ucrea.com.mx\/?page_id=520","title":{"rendered":"Gastos y comisiones &#8211; CONTRATO DE APERTURA DE CREDITO SIMPLE CON GARANTIA HIPOTECARIA Y PRENDARIA SIN LA TRANSMISION DE LA POSESION"},"content":{"rendered":"<h2>CONTRATO DE APERTURA DE CREDITO SIMPLE CON GARANTIA HIPOTECARIA Y PRENDARIA SIN LA TRANSMISION DE LA POSESION<\/h2>\n<h2>RECA: 1240-439-021343\/06-04920-1122<\/h2>\n<h3><strong>Gastos<\/strong><\/h3>\n<p><strong>Impuestos y Derechos (inscripci\u00f3n)<\/strong><\/p>\n<p>Monto del cr\u00e9dito x .0050 por concepto de inscripci\u00f3n del cr\u00e9dito en el Registro P\u00fablico de la Propiedad y del Comercio<\/p>\n<p><strong>Honorarios (notario) <\/strong><\/p>\n<ul>\n<li>Monto del cr\u00e9dito hasta $999,999.99 x 0.4% al resultado agregar $1,000.<\/li>\n<li>Monto del cr\u00e9dito de $1,000,000 o m\u00e1s x 0.3% al resultado agregar $1,000.<\/li>\n<li>Nota: los importes son m\u00e1s IVA.<\/li>\n<\/ul>\n\n\n<p><strong>Certificado de Libertad de Gravamen (Prepreventivo)<\/strong><\/p>\n<p>$415 mas IVA por Inmueble<\/p>\n<p><strong>Certificado de Gravamen<\/strong><\/p>\n<p>$311 mas IVA (cada uno) Por cada Inmueble a dejar en garant\u00eda<\/p>\n\n\n\n<h3><strong>Comisiones<\/strong><\/h3>\n<p><strong>Comisi\u00f3n por contrataci\u00f3n o apertura de cr\u00e9dito.<br \/><\/strong><\/p>\n<p>1% m\u00e1s IVA respecto del monto del cr\u00e9dito. Esta comisi\u00f3n se cobrar\u00e1 por \u00fanica vez al contratar el cr\u00e9dito, es decir, a la firma del contrato.<\/p>\n","protected":false},"excerpt":{"rendered":"<p>CONTRATO DE APERTURA DE CREDITO SIMPLE CON GARANTIA HIPOTECARIA Y PRENDARIA SIN LA TRANSMISION DE LA POSESION RECA: 1240-439-021343\/06-04920-1122 Gastos Impuestos y Derechos (inscripci\u00f3n) Monto del cr\u00e9dito x .0050&#46;&#46;&#46;<\/p>\n","protected":false},"author":3,"featured_media":0,"parent":0,"menu_order":0,"comment_status":"closed","ping_status":"closed","template":"","meta":{"footnotes":""},"class_list":["post-520","page","type-page","status-publish","hentry"],"aioseo_notices":[],"_links":{"self":[{"href":"https:\/\/ucrea.com.mx\/index.php?rest_route=\/wp\/v2\/pages\/520","targetHints":{"allow":["GET"]}}],"collection":[{"href":"https:\/\/ucrea.com.mx\/index.php?rest_route=\/wp\/v2\/pages"}],"about":[{"href":"https:\/\/ucrea.com.mx\/index.php?rest_route=\/wp\/v2\/types\/page"}],"author":[{"embeddable":true,"href":"https:\/\/ucrea.com.mx\/index.php?rest_route=\/wp\/v2\/users\/3"}],"replies":[{"embeddable":true,"href":"https:\/\/ucrea.com.mx\/index.php?rest_route=%2Fwp%2Fv2%2Fcomments&post=520"}],"version-history":[{"count":6,"href":"https:\/\/ucrea.com.mx\/index.php?rest_route=\/wp\/v2\/pages\/520\/revisions"}],"predecessor-version":[{"id":828,"href":"https:\/\/ucrea.com.mx\/index.php?rest_route=\/wp\/v2\/pages\/520\/revisions\/828"}],"wp:attachment":[{"href":"https:\/\/ucrea.com.mx\/index.php?rest_route=%2Fwp%2Fv2%2Fmedia&parent=520"}],"curies":[{"name":"wp","href":"https:\/\/api.w.org\/{rel}","templated":true}]}}