{"id":233,"date":"2014-10-29T23:58:31","date_gmt":"2014-10-29T23:58:31","guid":{"rendered":"http:\/\/localhost\/UCREA\/wordpress\/?page_id=233"},"modified":"2021-01-26T17:15:18","modified_gmt":"2021-01-26T17:15:18","slug":"marco-legal","status":"publish","type":"page","link":"https:\/\/ucrea.com.mx\/?page_id=233","title":{"rendered":"MARCO LEGAL"},"content":{"rendered":"<p style=\"text-align: left;\"><strong>ART 2<\/strong> L.U.C. \u201cEl Gobierno Federal y las entidades de la administraci\u00f3n p\u00fablica paraestatal no podr\u00e1n responsabilizarse ni garantizar el resultado de las operaciones que realicen las Uniones, as\u00ed como tampoco asumir responsabilidad alguna de las obligaciones contra\u00eddas con sus socios o terceros\u201d.<\/p>\n<p><strong>ART 14<\/strong> L.U.C. \u00abPara organizarse y operar como uni\u00f3n se requiere autorizaci\u00f3n del Gobierno Federal, que compete otorgar discrecionalmente a la Comisi\u00f3n, previo acuerdo de su Junta de Gobierno. Por su naturaleza estas autorizaciones ser\u00e1n intransmisibles\u00bb.<\/p>\n<h4 style=\"text-align: center;\"><a href=\"http:\/\/www.diputados.gob.mx\/LeyesBiblio\/pdf\/LUC.pdf\">\u00a0Ley de Uniones de Cr\u00e9dito<\/a><\/h4>\n<p><a href=\"http:\/\/www.diputados.gob.mx\/LeyesBiblio\/pdf\/LUC.pdf\" target=\"_blank\" rel=\"noopener noreferrer\"><img loading=\"lazy\" decoding=\"async\" id=\"mlegal\" class=\"wp-image-249 aligncenter\" src=\"http:\/\/ucrea.com.mx\/wp-content\/uploads\/2014\/10\/shutterstock_27679516-300x193.jpg\" alt=\"shutterstock_27679516\" width=\"194\" height=\"125\" srcset=\"https:\/\/ucrea.com.mx\/wp-content\/uploads\/2014\/10\/shutterstock_27679516-300x193.jpg 300w, https:\/\/ucrea.com.mx\/wp-content\/uploads\/2014\/10\/shutterstock_27679516.jpg 479w\" sizes=\"auto, (max-width: 194px) 100vw, 194px\" \/><\/a><\/p>\n","protected":false},"excerpt":{"rendered":"<p>ART 2 L.U.C. \u201cEl Gobierno Federal y las entidades de la administraci\u00f3n p\u00fablica paraestatal no podr\u00e1n responsabilizarse ni garantizar el resultado de las operaciones que realicen las Uniones, as\u00ed&#46;&#46;&#46;<\/p>\n","protected":false},"author":1,"featured_media":0,"parent":0,"menu_order":85,"comment_status":"closed","ping_status":"closed","template":"","meta":{"footnotes":""},"class_list":["post-233","page","type-page","status-publish","hentry"],"aioseo_notices":[],"_links":{"self":[{"href":"https:\/\/ucrea.com.mx\/index.php?rest_route=\/wp\/v2\/pages\/233","targetHints":{"allow":["GET"]}}],"collection":[{"href":"https:\/\/ucrea.com.mx\/index.php?rest_route=\/wp\/v2\/pages"}],"about":[{"href":"https:\/\/ucrea.com.mx\/index.php?rest_route=\/wp\/v2\/types\/page"}],"author":[{"embeddable":true,"href":"https:\/\/ucrea.com.mx\/index.php?rest_route=\/wp\/v2\/users\/1"}],"replies":[{"embeddable":true,"href":"https:\/\/ucrea.com.mx\/index.php?rest_route=%2Fwp%2Fv2%2Fcomments&post=233"}],"version-history":[{"count":10,"href":"https:\/\/ucrea.com.mx\/index.php?rest_route=\/wp\/v2\/pages\/233\/revisions"}],"predecessor-version":[{"id":699,"href":"https:\/\/ucrea.com.mx\/index.php?rest_route=\/wp\/v2\/pages\/233\/revisions\/699"}],"wp:attachment":[{"href":"https:\/\/ucrea.com.mx\/index.php?rest_route=%2Fwp%2Fv2%2Fmedia&parent=233"}],"curies":[{"name":"wp","href":"https:\/\/api.w.org\/{rel}","templated":true}]}}