{"id":113,"date":"2014-10-12T19:51:13","date_gmt":"2014-10-12T19:51:13","guid":{"rendered":"http:\/\/localhost\/UCREA\/wordpress\/?page_id=113"},"modified":"2024-11-14T21:49:52","modified_gmt":"2024-11-14T21:49:52","slug":"inversiones","status":"publish","type":"page","link":"https:\/\/ucrea.com.mx\/?page_id=113","title":{"rendered":"INVERSIONES"},"content":{"rendered":"<p>En <strong>Uni\u00f3n de Cr\u00e9dito Allende S.A. de C.V.<\/strong> contamos con inversiones en Moneda Nacional y D\u00f3lares con vencimientos en d\u00edas preestablecidos:<\/p>\n<p><a href=\"http:\/\/ucrea.com.mx\/wp-content\/uploads\/2014\/10\/inversion.png\"><img loading=\"lazy\" decoding=\"async\" class=\"alignleft wp-image-188\" src=\"http:\/\/ucrea.com.mx\/wp-content\/uploads\/2014\/10\/inversion-300x233.png\" alt=\"inversion\" width=\"433\" height=\"336\" srcset=\"https:\/\/ucrea.com.mx\/wp-content\/uploads\/2014\/10\/inversion-300x233.png 300w, https:\/\/ucrea.com.mx\/wp-content\/uploads\/2014\/10\/inversion-1024x796.png 1024w, https:\/\/ucrea.com.mx\/wp-content\/uploads\/2014\/10\/inversion.png 1800w\" sizes=\"auto, (max-width: 433px) 100vw, 433px\" \/><\/a><\/p>\n<p style=\"text-align: center;\">Tenemos tasas de alto rendimento y le brindamos la mayor seguridad en sus inversiones<\/p>\n<p style=\"text-align: justify;\"><strong>Requisitos:<\/strong><\/p>\n<ul>\n<li style=\"text-align: justify;\"><a href=\"http:\/\/ucrea.com.mx\/wp-content\/uploads\/2024\/11\/0-REQUISITOS-INVERSION-PERSONAS-FISICAS.pdf\">Requisitos Para Personas F\u00edsicas<\/a><\/li>\n<li style=\"text-align: justify;\"><a href=\"http:\/\/ucrea.com.mx\/wp-content\/uploads\/2024\/11\/0-REQUISITOS-INVERSION-PERSONAS-MORAL.pdf\">Requisitos Para Personas Morales<\/a><\/li>\n<\/ul>\n\n\n<h2 class=\"wp-block-heading\"><\/h2>\n","protected":false},"excerpt":{"rendered":"<p>En Uni\u00f3n de Cr\u00e9dito Allende S.A. de C.V. contamos con inversiones en Moneda Nacional y D\u00f3lares con vencimientos en d\u00edas preestablecidos: Tenemos tasas de alto rendimento y le brindamos&#46;&#46;&#46;<\/p>\n","protected":false},"author":1,"featured_media":0,"parent":60,"menu_order":50,"comment_status":"closed","ping_status":"open","template":"","meta":{"footnotes":""},"class_list":["post-113","page","type-page","status-publish","hentry"],"aioseo_notices":[],"_links":{"self":[{"href":"https:\/\/ucrea.com.mx\/index.php?rest_route=\/wp\/v2\/pages\/113","targetHints":{"allow":["GET"]}}],"collection":[{"href":"https:\/\/ucrea.com.mx\/index.php?rest_route=\/wp\/v2\/pages"}],"about":[{"href":"https:\/\/ucrea.com.mx\/index.php?rest_route=\/wp\/v2\/types\/page"}],"author":[{"embeddable":true,"href":"https:\/\/ucrea.com.mx\/index.php?rest_route=\/wp\/v2\/users\/1"}],"replies":[{"embeddable":true,"href":"https:\/\/ucrea.com.mx\/index.php?rest_route=%2Fwp%2Fv2%2Fcomments&post=113"}],"version-history":[{"count":23,"href":"https:\/\/ucrea.com.mx\/index.php?rest_route=\/wp\/v2\/pages\/113\/revisions"}],"predecessor-version":[{"id":1082,"href":"https:\/\/ucrea.com.mx\/index.php?rest_route=\/wp\/v2\/pages\/113\/revisions\/1082"}],"up":[{"embeddable":true,"href":"https:\/\/ucrea.com.mx\/index.php?rest_route=\/wp\/v2\/pages\/60"}],"wp:attachment":[{"href":"https:\/\/ucrea.com.mx\/index.php?rest_route=%2Fwp%2Fv2%2Fmedia&parent=113"}],"curies":[{"name":"wp","href":"https:\/\/api.w.org\/{rel}","templated":true}]}}